{"id":532,"date":"2015-10-19T09:01:56","date_gmt":"2015-10-19T08:01:56","guid":{"rendered":"https:\/\/www.mai2025.meosis.fr\/crazy-cook\/?page_id=532"},"modified":"2021-05-18T11:22:41","modified_gmt":"2021-05-18T10:22:41","slug":"particuliers","status":"publish","type":"page","link":"https:\/\/mai2025.meosis.fr\/crazy-cook\/references\/particuliers.html","title":{"rendered":"Particuliers"},"content":{"rendered":"<p>D\u00e9couvrez les prestations que Crazy Cook Catering propose aux particuliers :<\/p>\n<ul>\n<li>Communions &#8211; Bapt\u00eames<\/li>\n<li>F\u00eates de Familles &#8211; Anniversaires &#8211; Pendaison de Cr\u00e9maill\u00e8res<\/li>\n<\/ul>\n","protected":false},"excerpt":{"rendered":"<p>D\u00e9couvrez les prestations que Crazy Cook Catering propose aux particuliers : Communions &#8211; Bapt\u00eames F\u00eates de Familles &#8211; Anniversaires &#8211; Pendaison de Cr\u00e9maill\u00e8res<\/p>\n","protected":false},"author":1,"featured_media":710,"parent":9,"menu_order":0,"comment_status":"open","ping_status":"open","template":"","meta":{"_acf_changed":false,"footnotes":""},"class_list":["post-532","page","type-page","status-publish","has-post-thumbnail","hentry"],"acf":[],"yoast_head":"<!-- This site is optimized with the Yoast SEO plugin v25.3.1 - https:\/\/yoast.com\/wordpress\/plugins\/seo\/ -->\n<title>Particuliers - Crazy Cook Catering<\/title>\n<meta name=\"robots\" content=\"index, follow, max-snippet:-1, max-image-preview:large, max-video-preview:-1\" \/>\n<link rel=\"canonical\" href=\"https:\/\/mai2025.meosis.fr\/crazy-cook\/references\/particuliers.html\" \/>\n<meta property=\"og:locale\" content=\"fr_FR\" \/>\n<meta property=\"og:type\" content=\"article\" \/>\n<meta property=\"og:title\" content=\"Particuliers - Crazy Cook Catering\" \/>\n<meta property=\"og:description\" content=\"D\u00e9couvrez les prestations que Crazy Cook Catering propose aux particuliers : Communions &#8211; Bapt\u00eames F\u00eates de Familles &#8211; Anniversaires &#8211; Pendaison de Cr\u00e9maill\u00e8res\" \/>\n<meta property=\"og:url\" content=\"https:\/\/mai2025.meosis.fr\/crazy-cook\/references\/particuliers.html\" \/>\n<meta property=\"og:site_name\" content=\"Crazy Cook Catering\" \/>\n<meta property=\"article:modified_time\" content=\"2021-05-18T10:22:41+00:00\" \/>\n<meta property=\"og:image\" content=\"https:\/\/mai2025.meosis.fr\/crazy-cook\/wp-content\/uploads\/sites\/10\/2016\/08\/DSC_0375-e1383399706111.jpg\" \/>\n\t<meta property=\"og:image:width\" content=\"1039\" \/>\n\t<meta property=\"og:image:height\" content=\"629\" \/>\n\t<meta property=\"og:image:type\" content=\"image\/jpeg\" \/>\n<meta name=\"twitter:card\" content=\"summary_large_image\" \/>\n<script type=\"application\/ld+json\" class=\"yoast-schema-graph\">{\"@context\":\"https:\/\/schema.org\",\"@graph\":[{\"@type\":\"WebPage\",\"@id\":\"https:\/\/mai2025.meosis.fr\/crazy-cook\/references\/particuliers.html\",\"url\":\"https:\/\/mai2025.meosis.fr\/crazy-cook\/references\/particuliers.html\",\"name\":\"Particuliers - Crazy Cook Catering\",\"isPartOf\":{\"@id\":\"https:\/\/mai2025.meosis.fr\/crazy-cook\/wpss_slide\/slide8\/#website\"},\"primaryImageOfPage\":{\"@id\":\"https:\/\/mai2025.meosis.fr\/crazy-cook\/references\/particuliers.html#primaryimage\"},\"image\":{\"@id\":\"https:\/\/mai2025.meosis.fr\/crazy-cook\/references\/particuliers.html#primaryimage\"},\"thumbnailUrl\":\"https:\/\/mai2025.meosis.fr\/crazy-cook\/wp-content\/uploads\/sites\/10\/2016\/08\/DSC_0375-e1383399706111.jpg\",\"datePublished\":\"2015-10-19T08:01:56+00:00\",\"dateModified\":\"2021-05-18T10:22:41+00:00\",\"breadcrumb\":{\"@id\":\"https:\/\/mai2025.meosis.fr\/crazy-cook\/references\/particuliers.html#breadcrumb\"},\"inLanguage\":\"fr-FR\",\"potentialAction\":[{\"@type\":\"ReadAction\",\"target\":[\"https:\/\/mai2025.meosis.fr\/crazy-cook\/references\/particuliers.html\"]}]},{\"@type\":\"ImageObject\",\"inLanguage\":\"fr-FR\",\"@id\":\"https:\/\/mai2025.meosis.fr\/crazy-cook\/references\/particuliers.html#primaryimage\",\"url\":\"https:\/\/mai2025.meosis.fr\/crazy-cook\/wp-content\/uploads\/sites\/10\/2016\/08\/DSC_0375-e1383399706111.jpg\",\"contentUrl\":\"https:\/\/mai2025.meosis.fr\/crazy-cook\/wp-content\/uploads\/sites\/10\/2016\/08\/DSC_0375-e1383399706111.jpg\",\"width\":1039,\"height\":629},{\"@type\":\"BreadcrumbList\",\"@id\":\"https:\/\/mai2025.meosis.fr\/crazy-cook\/references\/particuliers.html#breadcrumb\",\"itemListElement\":[{\"@type\":\"ListItem\",\"position\":1,\"name\":\"Accueil\",\"item\":\"https:\/\/mai2025.meosis.fr\/crazy-cook\/\"},{\"@type\":\"ListItem\",\"position\":2,\"name\":\"R\u00e9f\u00e9rences\",\"item\":\"https:\/\/mai2025.meosis.fr\/crazy-cook\/references.html\"},{\"@type\":\"ListItem\",\"position\":3,\"name\":\"Particuliers\"}]},{\"@type\":\"WebSite\",\"@id\":\"https:\/\/mai2025.meosis.fr\/crazy-cook\/wpss_slide\/slide8\/#website\",\"url\":\"https:\/\/mai2025.meosis.fr\/crazy-cook\/wpss_slide\/slide8\/\",\"name\":\"Crazy Cook Catering\",\"description\":\"Traiteur en Alsace\",\"potentialAction\":[{\"@type\":\"SearchAction\",\"target\":{\"@type\":\"EntryPoint\",\"urlTemplate\":\"https:\/\/mai2025.meosis.fr\/crazy-cook\/wpss_slide\/slide8\/?s={search_term_string}\"},\"query-input\":{\"@type\":\"PropertyValueSpecification\",\"valueRequired\":true,\"valueName\":\"search_term_string\"}}],\"inLanguage\":\"fr-FR\"}]}<\/script>\n<!-- \/ Yoast SEO plugin. -->","yoast_head_json":{"title":"Particuliers - Crazy Cook Catering","robots":{"index":"index","follow":"follow","max-snippet":"max-snippet:-1","max-image-preview":"max-image-preview:large","max-video-preview":"max-video-preview:-1"},"canonical":"https:\/\/mai2025.meosis.fr\/crazy-cook\/references\/particuliers.html","og_locale":"fr_FR","og_type":"article","og_title":"Particuliers - Crazy Cook Catering","og_description":"D\u00e9couvrez les prestations que Crazy Cook Catering propose aux particuliers : Communions &#8211; Bapt\u00eames F\u00eates de Familles &#8211; Anniversaires &#8211; Pendaison de Cr\u00e9maill\u00e8res","og_url":"https:\/\/mai2025.meosis.fr\/crazy-cook\/references\/particuliers.html","og_site_name":"Crazy Cook Catering","article_modified_time":"2021-05-18T10:22:41+00:00","og_image":[{"width":1039,"height":629,"url":"https:\/\/mai2025.meosis.fr\/crazy-cook\/wp-content\/uploads\/sites\/10\/2016\/08\/DSC_0375-e1383399706111.jpg","type":"image\/jpeg"}],"twitter_card":"summary_large_image","schema":{"@context":"https:\/\/schema.org","@graph":[{"@type":"WebPage","@id":"https:\/\/mai2025.meosis.fr\/crazy-cook\/references\/particuliers.html","url":"https:\/\/mai2025.meosis.fr\/crazy-cook\/references\/particuliers.html","name":"Particuliers - Crazy Cook Catering","isPartOf":{"@id":"https:\/\/mai2025.meosis.fr\/crazy-cook\/wpss_slide\/slide8\/#website"},"primaryImageOfPage":{"@id":"https:\/\/mai2025.meosis.fr\/crazy-cook\/references\/particuliers.html#primaryimage"},"image":{"@id":"https:\/\/mai2025.meosis.fr\/crazy-cook\/references\/particuliers.html#primaryimage"},"thumbnailUrl":"https:\/\/mai2025.meosis.fr\/crazy-cook\/wp-content\/uploads\/sites\/10\/2016\/08\/DSC_0375-e1383399706111.jpg","datePublished":"2015-10-19T08:01:56+00:00","dateModified":"2021-05-18T10:22:41+00:00","breadcrumb":{"@id":"https:\/\/mai2025.meosis.fr\/crazy-cook\/references\/particuliers.html#breadcrumb"},"inLanguage":"fr-FR","potentialAction":[{"@type":"ReadAction","target":["https:\/\/mai2025.meosis.fr\/crazy-cook\/references\/particuliers.html"]}]},{"@type":"ImageObject","inLanguage":"fr-FR","@id":"https:\/\/mai2025.meosis.fr\/crazy-cook\/references\/particuliers.html#primaryimage","url":"https:\/\/mai2025.meosis.fr\/crazy-cook\/wp-content\/uploads\/sites\/10\/2016\/08\/DSC_0375-e1383399706111.jpg","contentUrl":"https:\/\/mai2025.meosis.fr\/crazy-cook\/wp-content\/uploads\/sites\/10\/2016\/08\/DSC_0375-e1383399706111.jpg","width":1039,"height":629},{"@type":"BreadcrumbList","@id":"https:\/\/mai2025.meosis.fr\/crazy-cook\/references\/particuliers.html#breadcrumb","itemListElement":[{"@type":"ListItem","position":1,"name":"Accueil","item":"https:\/\/mai2025.meosis.fr\/crazy-cook\/"},{"@type":"ListItem","position":2,"name":"R\u00e9f\u00e9rences","item":"https:\/\/mai2025.meosis.fr\/crazy-cook\/references.html"},{"@type":"ListItem","position":3,"name":"Particuliers"}]},{"@type":"WebSite","@id":"https:\/\/mai2025.meosis.fr\/crazy-cook\/wpss_slide\/slide8\/#website","url":"https:\/\/mai2025.meosis.fr\/crazy-cook\/wpss_slide\/slide8\/","name":"Crazy Cook Catering","description":"Traiteur en Alsace","potentialAction":[{"@type":"SearchAction","target":{"@type":"EntryPoint","urlTemplate":"https:\/\/mai2025.meosis.fr\/crazy-cook\/wpss_slide\/slide8\/?s={search_term_string}"},"query-input":{"@type":"PropertyValueSpecification","valueRequired":true,"valueName":"search_term_string"}}],"inLanguage":"fr-FR"}]}},"_links":{"self":[{"href":"https:\/\/mai2025.meosis.fr\/crazy-cook\/wp-json\/wp\/v2\/pages\/532","targetHints":{"allow":["GET"]}}],"collection":[{"href":"https:\/\/mai2025.meosis.fr\/crazy-cook\/wp-json\/wp\/v2\/pages"}],"about":[{"href":"https:\/\/mai2025.meosis.fr\/crazy-cook\/wp-json\/wp\/v2\/types\/page"}],"author":[{"embeddable":true,"href":"https:\/\/mai2025.meosis.fr\/crazy-cook\/wp-json\/wp\/v2\/users\/1"}],"replies":[{"embeddable":true,"href":"https:\/\/mai2025.meosis.fr\/crazy-cook\/wp-json\/wp\/v2\/comments?post=532"}],"version-history":[{"count":0,"href":"https:\/\/mai2025.meosis.fr\/crazy-cook\/wp-json\/wp\/v2\/pages\/532\/revisions"}],"up":[{"embeddable":true,"href":"https:\/\/mai2025.meosis.fr\/crazy-cook\/wp-json\/wp\/v2\/pages\/9"}],"wp:featuredmedia":[{"embeddable":true,"href":"https:\/\/mai2025.meosis.fr\/crazy-cook\/wp-json\/wp\/v2\/media\/710"}],"wp:attachment":[{"href":"https:\/\/mai2025.meosis.fr\/crazy-cook\/wp-json\/wp\/v2\/media?parent=532"}],"curies":[{"name":"wp","href":"https:\/\/api.w.org\/{rel}","templated":true}]}}