{"id":6,"date":"2015-04-20T09:48:45","date_gmt":"2015-04-20T08:48:45","guid":{"rendered":"https:\/\/www.mai2025.meosis.fr\/crazy-cook\/?page_id=6"},"modified":"2021-11-24T13:12:11","modified_gmt":"2021-11-24T12:12:11","slug":"traiteur","status":"publish","type":"page","link":"https:\/\/mai2025.meosis.fr\/crazy-cook\/concept\/traiteur.html","title":{"rendered":"Les chefs"},"content":{"rendered":"<p>Crazy Cook Catering : \u00a0Un service de traiteur exclusivement sur mesure. Des produits frais et de qualit\u00e9. Des cr\u00e9ations originales et raffin\u00e9es. Un parfait savoir-faire du Classique. L&rsquo;art de la cuisine Fusion. La ma\u00eetrise de la cuisine au Feu de Bois. Votre <a title=\"Crazy Cook Catering, votre traiteur en Alsace\" href=\"https:\/\/mai2025.meosis.fr\/crazy-cook\/articles\/traiteur-alsace\/\">traiteur en Alsace<\/a>.<\/p>\n<p><span style=\"font-size: 1.5em; color: #ff0000;\">Les chefs<\/span><a href=\"https:\/\/www.mai2025.meosis.fr\/crazy-cook\/wp-content\/uploads\/sites\/10\/2016\/08\/3826.jpg\"><img fetchpriority=\"high\" decoding=\"async\" class=\"aligncenter wp-image-708\" title=\"Les Chefs de Crazy Cook Catering\" src=\"https:\/\/www.mai2025.meosis.fr\/crazy-cook\/wp-content\/uploads\/sites\/10\/2016\/08\/3826.jpg\" alt=\"Les Chefs de Crazy Cook Catering\" width=\"500\" height=\"416\" srcset=\"https:\/\/mai2025.meosis.fr\/crazy-cook\/wp-content\/uploads\/sites\/10\/2016\/08\/3826.jpg 1000w, https:\/\/mai2025.meosis.fr\/crazy-cook\/wp-content\/uploads\/sites\/10\/2016\/08\/3826-300x250.jpg 300w, https:\/\/mai2025.meosis.fr\/crazy-cook\/wp-content\/uploads\/sites\/10\/2016\/08\/3826-768x639.jpg 768w\" sizes=\"(max-width: 500px) 100vw, 500px\" \/><\/a><\/p>\n<p><span style=\"color: #ff6600;\"><strong>Philippe : une technique de ma\u00eetre, des id\u00e9es folles !<\/strong><\/span><br \/>\nDe l\u2019apprentissage jusqu\u2019au perfectionnement de ses comp\u00e9tences et de son savoir faire, Philippe a eu l\u2019occasion de travailler au sein de nombreuses maisons prestigieuses.<\/p>\n<p>Quelques R\u00e9f\u00e9rences :<\/p>\n<ul>\n<li>Complexe \u00ab Royal Palace \u00bb \u00e0 Kirrwiller<\/li>\n<li>Restaurant Gastronomique * \u00ab La Table Gourmande \u00bb \u2013 Fegersheim<\/li>\n<li>Restaurant Gastronomique * \u00bb La Barri\u00e8re \u00bb \u2013 La Wantzenau<\/li>\n<li>Restaurant Gastronomique \u00ab Le L\u00e9man \u00bb \u2013 Le Bouveret (Suisse)<\/li>\n<li>Restaurant \u00ab Zum Sternestuebele \u00bb \u2013 Strasbourg<\/li>\n<li>Restaurant Gastronomique *** \u00bb Le Taillevent \u00bb \u2013 Paris 8\u00e8me<\/li>\n<li>Restaurant Gastronomique * \u00ab Jules Verne \u00bb (Tour Eiffel) \u2013 Paris 7\u00e8me<\/li>\n<li>Parlement Europ\u00e9en de Strasbourg<\/li>\n<\/ul>\n<p>Quelques Prix :<\/p>\n<ul>\n<li>M\u00e9daille d\u2019argent cuisine sur plat \u2013 Festival international de la Gastronomie \u2013 Colmar<\/li>\n<li>M\u00e9daille d\u2019argent cuisine sur assiette \u2013 Festival international de la Gastronomie \u2013 Colmar<\/li>\n<li>M\u00e9daille d\u2019or au salon culinaire \u2013 Foire Europ\u00e9enne de Strasbourg<\/li>\n<li>M\u00e9daille d\u2019or avec f\u00e9licitations du jury \u2013 Foire Europ\u00e9enne \u2013 Strasbourg<\/li>\n<li>M\u00e9daille d\u2019argent \u2013 Foire Europ\u00e9enne \u2013 Strasbourg<\/li>\n<\/ul>\n<p>&nbsp;<\/p>\n<p><span style=\"color: #ff6600;\"><strong>Sophie : une main d\u2019artiste, une folie cr\u00e9ative<\/strong><\/span><br \/>\nApr\u00e8s une Ma\u00eetrise en Droit International Priv\u00e9 ainsi que de Hautes Etudes Comptables et Financi\u00e8res brillamment r\u00e9ussies, Sophie a d\u00e9cid\u00e9 de se consacrer \u00e0 la cuisine, sa passion de toujours.<\/p>\n<p>En autodidacte accomplie et exp\u00e9riment\u00e9e, Sophie a obtenu son dipl\u00f4me de cuisinier avec mention. Depuis elle laisse libre cours \u00e0 sa cr\u00e9ativit\u00e9, toujours \u00e0 la recherche de nouvelles saveurs et techniques culinaires d\u00e9couvertes au gr\u00e9 de nombreux voyages.<\/p>\n","protected":false},"excerpt":{"rendered":"<p>Crazy Cook Catering : \u00a0Un service de traiteur exclusivement sur mesure. Des produits frais et de qualit\u00e9. Des cr\u00e9ations originales et raffin\u00e9es. Un parfait savoir-faire du Classique. L&rsquo;art de la cuisine Fusion. La ma\u00eetrise de la cuisine au Feu de Bois. Votre traiteur en Alsace. Les chefs Philippe : une technique de ma\u00eetre, des id\u00e9es [&hellip;]<\/p>\n","protected":false},"author":1,"featured_media":708,"parent":697,"menu_order":0,"comment_status":"open","ping_status":"open","template":"","meta":{"_acf_changed":false,"footnotes":""},"class_list":["post-6","page","type-page","status-publish","has-post-thumbnail","hentry"],"acf":[],"yoast_head":"<!-- This site is optimized with the Yoast SEO plugin v25.3.1 - https:\/\/yoast.com\/wordpress\/plugins\/seo\/ -->\n<title>D\u00e9couvrez un Traiteur en Alsace \u203a Crazy Cook Catering<\/title>\n<meta name=\"description\" content=\"Pour vos \u00e9v\u00e9nements choisissez le meilleur traiteur en Alsace : Crazy Cook Catering. Une tr\u00e8s bonne cuisine pour r\u00e9galer vos invit\u00e9s.\" \/>\n<meta name=\"robots\" content=\"index, follow, max-snippet:-1, max-image-preview:large, max-video-preview:-1\" \/>\n<link rel=\"canonical\" href=\"https:\/\/mai2025.meosis.fr\/crazy-cook\/concept\/traiteur.html\" \/>\n<meta property=\"og:locale\" content=\"fr_FR\" \/>\n<meta property=\"og:type\" content=\"article\" \/>\n<meta property=\"og:title\" content=\"D\u00e9couvrez un Traiteur en Alsace \u203a Crazy Cook Catering\" \/>\n<meta property=\"og:description\" content=\"Pour vos \u00e9v\u00e9nements choisissez le meilleur traiteur en Alsace : Crazy Cook Catering. Une tr\u00e8s bonne cuisine pour r\u00e9galer vos invit\u00e9s.\" \/>\n<meta property=\"og:url\" content=\"https:\/\/mai2025.meosis.fr\/crazy-cook\/concept\/traiteur.html\" \/>\n<meta property=\"og:site_name\" content=\"Crazy Cook Catering\" \/>\n<meta property=\"article:modified_time\" content=\"2021-11-24T12:12:11+00:00\" \/>\n<meta property=\"og:image\" content=\"https:\/\/mai2025.meosis.fr\/crazy-cook\/wp-content\/uploads\/sites\/10\/2016\/08\/3826.jpg\" \/>\n\t<meta property=\"og:image:width\" content=\"1000\" \/>\n\t<meta property=\"og:image:height\" content=\"832\" \/>\n\t<meta property=\"og:image:type\" content=\"image\/jpeg\" \/>\n<meta name=\"twitter:card\" content=\"summary_large_image\" \/>\n<meta name=\"twitter:label1\" content=\"Dur\u00e9e de lecture estim\u00e9e\" \/>\n\t<meta name=\"twitter:data1\" content=\"2 minutes\" \/>\n<script type=\"application\/ld+json\" class=\"yoast-schema-graph\">{\"@context\":\"https:\/\/schema.org\",\"@graph\":[{\"@type\":\"WebPage\",\"@id\":\"https:\/\/mai2025.meosis.fr\/crazy-cook\/concept\/traiteur.html\",\"url\":\"https:\/\/mai2025.meosis.fr\/crazy-cook\/concept\/traiteur.html\",\"name\":\"D\u00e9couvrez un Traiteur en Alsace \u203a Crazy Cook Catering\",\"isPartOf\":{\"@id\":\"https:\/\/mai2025.meosis.fr\/crazy-cook\/wpss_slide\/slide8\/#website\"},\"primaryImageOfPage\":{\"@id\":\"https:\/\/mai2025.meosis.fr\/crazy-cook\/concept\/traiteur.html#primaryimage\"},\"image\":{\"@id\":\"https:\/\/mai2025.meosis.fr\/crazy-cook\/concept\/traiteur.html#primaryimage\"},\"thumbnailUrl\":\"https:\/\/mai2025.meosis.fr\/crazy-cook\/wp-content\/uploads\/sites\/10\/2016\/08\/3826.jpg\",\"datePublished\":\"2015-04-20T08:48:45+00:00\",\"dateModified\":\"2021-11-24T12:12:11+00:00\",\"description\":\"Pour vos \u00e9v\u00e9nements choisissez le meilleur traiteur en Alsace : Crazy Cook Catering. Une tr\u00e8s bonne cuisine pour r\u00e9galer vos invit\u00e9s.\",\"breadcrumb\":{\"@id\":\"https:\/\/mai2025.meosis.fr\/crazy-cook\/concept\/traiteur.html#breadcrumb\"},\"inLanguage\":\"fr-FR\",\"potentialAction\":[{\"@type\":\"ReadAction\",\"target\":[\"https:\/\/mai2025.meosis.fr\/crazy-cook\/concept\/traiteur.html\"]}]},{\"@type\":\"ImageObject\",\"inLanguage\":\"fr-FR\",\"@id\":\"https:\/\/mai2025.meosis.fr\/crazy-cook\/concept\/traiteur.html#primaryimage\",\"url\":\"https:\/\/mai2025.meosis.fr\/crazy-cook\/wp-content\/uploads\/sites\/10\/2016\/08\/3826.jpg\",\"contentUrl\":\"https:\/\/mai2025.meosis.fr\/crazy-cook\/wp-content\/uploads\/sites\/10\/2016\/08\/3826.jpg\",\"width\":1000,\"height\":832},{\"@type\":\"BreadcrumbList\",\"@id\":\"https:\/\/mai2025.meosis.fr\/crazy-cook\/concept\/traiteur.html#breadcrumb\",\"itemListElement\":[{\"@type\":\"ListItem\",\"position\":1,\"name\":\"Accueil\",\"item\":\"https:\/\/mai2025.meosis.fr\/crazy-cook\/\"},{\"@type\":\"ListItem\",\"position\":2,\"name\":\"Concept\",\"item\":\"https:\/\/mai2025.meosis.fr\/crazy-cook\/concept.html\"},{\"@type\":\"ListItem\",\"position\":3,\"name\":\"Les chefs\"}]},{\"@type\":\"WebSite\",\"@id\":\"https:\/\/mai2025.meosis.fr\/crazy-cook\/wpss_slide\/slide8\/#website\",\"url\":\"https:\/\/mai2025.meosis.fr\/crazy-cook\/wpss_slide\/slide8\/\",\"name\":\"Crazy Cook Catering\",\"description\":\"Traiteur en Alsace\",\"potentialAction\":[{\"@type\":\"SearchAction\",\"target\":{\"@type\":\"EntryPoint\",\"urlTemplate\":\"https:\/\/mai2025.meosis.fr\/crazy-cook\/wpss_slide\/slide8\/?s={search_term_string}\"},\"query-input\":{\"@type\":\"PropertyValueSpecification\",\"valueRequired\":true,\"valueName\":\"search_term_string\"}}],\"inLanguage\":\"fr-FR\"}]}<\/script>\n<!-- \/ Yoast SEO plugin. -->","yoast_head_json":{"title":"D\u00e9couvrez un Traiteur en Alsace \u203a Crazy Cook Catering","description":"Pour vos \u00e9v\u00e9nements choisissez le meilleur traiteur en Alsace : Crazy Cook Catering. Une tr\u00e8s bonne cuisine pour r\u00e9galer vos invit\u00e9s.","robots":{"index":"index","follow":"follow","max-snippet":"max-snippet:-1","max-image-preview":"max-image-preview:large","max-video-preview":"max-video-preview:-1"},"canonical":"https:\/\/mai2025.meosis.fr\/crazy-cook\/concept\/traiteur.html","og_locale":"fr_FR","og_type":"article","og_title":"D\u00e9couvrez un Traiteur en Alsace \u203a Crazy Cook Catering","og_description":"Pour vos \u00e9v\u00e9nements choisissez le meilleur traiteur en Alsace : Crazy Cook Catering. Une tr\u00e8s bonne cuisine pour r\u00e9galer vos invit\u00e9s.","og_url":"https:\/\/mai2025.meosis.fr\/crazy-cook\/concept\/traiteur.html","og_site_name":"Crazy Cook Catering","article_modified_time":"2021-11-24T12:12:11+00:00","og_image":[{"width":1000,"height":832,"url":"https:\/\/mai2025.meosis.fr\/crazy-cook\/wp-content\/uploads\/sites\/10\/2016\/08\/3826.jpg","type":"image\/jpeg"}],"twitter_card":"summary_large_image","twitter_misc":{"Dur\u00e9e de lecture estim\u00e9e":"2 minutes"},"schema":{"@context":"https:\/\/schema.org","@graph":[{"@type":"WebPage","@id":"https:\/\/mai2025.meosis.fr\/crazy-cook\/concept\/traiteur.html","url":"https:\/\/mai2025.meosis.fr\/crazy-cook\/concept\/traiteur.html","name":"D\u00e9couvrez un Traiteur en Alsace \u203a Crazy Cook Catering","isPartOf":{"@id":"https:\/\/mai2025.meosis.fr\/crazy-cook\/wpss_slide\/slide8\/#website"},"primaryImageOfPage":{"@id":"https:\/\/mai2025.meosis.fr\/crazy-cook\/concept\/traiteur.html#primaryimage"},"image":{"@id":"https:\/\/mai2025.meosis.fr\/crazy-cook\/concept\/traiteur.html#primaryimage"},"thumbnailUrl":"https:\/\/mai2025.meosis.fr\/crazy-cook\/wp-content\/uploads\/sites\/10\/2016\/08\/3826.jpg","datePublished":"2015-04-20T08:48:45+00:00","dateModified":"2021-11-24T12:12:11+00:00","description":"Pour vos \u00e9v\u00e9nements choisissez le meilleur traiteur en Alsace : Crazy Cook Catering. Une tr\u00e8s bonne cuisine pour r\u00e9galer vos invit\u00e9s.","breadcrumb":{"@id":"https:\/\/mai2025.meosis.fr\/crazy-cook\/concept\/traiteur.html#breadcrumb"},"inLanguage":"fr-FR","potentialAction":[{"@type":"ReadAction","target":["https:\/\/mai2025.meosis.fr\/crazy-cook\/concept\/traiteur.html"]}]},{"@type":"ImageObject","inLanguage":"fr-FR","@id":"https:\/\/mai2025.meosis.fr\/crazy-cook\/concept\/traiteur.html#primaryimage","url":"https:\/\/mai2025.meosis.fr\/crazy-cook\/wp-content\/uploads\/sites\/10\/2016\/08\/3826.jpg","contentUrl":"https:\/\/mai2025.meosis.fr\/crazy-cook\/wp-content\/uploads\/sites\/10\/2016\/08\/3826.jpg","width":1000,"height":832},{"@type":"BreadcrumbList","@id":"https:\/\/mai2025.meosis.fr\/crazy-cook\/concept\/traiteur.html#breadcrumb","itemListElement":[{"@type":"ListItem","position":1,"name":"Accueil","item":"https:\/\/mai2025.meosis.fr\/crazy-cook\/"},{"@type":"ListItem","position":2,"name":"Concept","item":"https:\/\/mai2025.meosis.fr\/crazy-cook\/concept.html"},{"@type":"ListItem","position":3,"name":"Les chefs"}]},{"@type":"WebSite","@id":"https:\/\/mai2025.meosis.fr\/crazy-cook\/wpss_slide\/slide8\/#website","url":"https:\/\/mai2025.meosis.fr\/crazy-cook\/wpss_slide\/slide8\/","name":"Crazy Cook Catering","description":"Traiteur en Alsace","potentialAction":[{"@type":"SearchAction","target":{"@type":"EntryPoint","urlTemplate":"https:\/\/mai2025.meosis.fr\/crazy-cook\/wpss_slide\/slide8\/?s={search_term_string}"},"query-input":{"@type":"PropertyValueSpecification","valueRequired":true,"valueName":"search_term_string"}}],"inLanguage":"fr-FR"}]}},"_links":{"self":[{"href":"https:\/\/mai2025.meosis.fr\/crazy-cook\/wp-json\/wp\/v2\/pages\/6","targetHints":{"allow":["GET"]}}],"collection":[{"href":"https:\/\/mai2025.meosis.fr\/crazy-cook\/wp-json\/wp\/v2\/pages"}],"about":[{"href":"https:\/\/mai2025.meosis.fr\/crazy-cook\/wp-json\/wp\/v2\/types\/page"}],"author":[{"embeddable":true,"href":"https:\/\/mai2025.meosis.fr\/crazy-cook\/wp-json\/wp\/v2\/users\/1"}],"replies":[{"embeddable":true,"href":"https:\/\/mai2025.meosis.fr\/crazy-cook\/wp-json\/wp\/v2\/comments?post=6"}],"version-history":[{"count":0,"href":"https:\/\/mai2025.meosis.fr\/crazy-cook\/wp-json\/wp\/v2\/pages\/6\/revisions"}],"up":[{"embeddable":true,"href":"https:\/\/mai2025.meosis.fr\/crazy-cook\/wp-json\/wp\/v2\/pages\/697"}],"wp:featuredmedia":[{"embeddable":true,"href":"https:\/\/mai2025.meosis.fr\/crazy-cook\/wp-json\/wp\/v2\/media\/708"}],"wp:attachment":[{"href":"https:\/\/mai2025.meosis.fr\/crazy-cook\/wp-json\/wp\/v2\/media?parent=6"}],"curies":[{"name":"wp","href":"https:\/\/api.w.org\/{rel}","templated":true}]}}